8
Calculate the remainder when 115525 is divided by 220.
25
What is the remainder when 225082 is divided by 29?
13
Calculate the remainder when 8610 is divided by 2798.
216
Calculate the remainder when 7701 is divided by 335.
331
Calculate the remainder when 2977 is divided by 201.
163
What is the remainder when 27820 is divided by 105?
100
What is the remainder when 1071451 is divided by 123?
121
What is the remainder when 2796 is divided by 112?
108
What is the remainder when 1099 is divided by 266?
35
What is the remainder when 15693 is divided by 8?
5
What is the remainder when 3733 is divided by 72?
61
What is the remainder when 1044 is divided by 219?
168
Calculate the remainder when 93223 is divided by 172.
171
Calculate the remainder when 99563 is divided by 12.
11
What is the remainder when 30388 is divided by 232?
228
What is the remainder when 6450 is divided by 5080?
1370
What is the remainder when 10651 is divided by 1202?
1035
Calculate the remainder when 184295 is divided by 6.
5
What is the remainder when 1167 is divided by 50?
17
Calculate the remainder when 830541 is divided by 264.
261
What is the remainder when 12111 is divided by 2018?
3
What is the remainder when 2285996 is divided by 75?
71
What is the remainder when 6921 is divided by 184?
113
What is the remainder when 142881 is divided by 17860?
1
Calculate the remainder when 27637 is divided by 328.
85
What is the remainder when 703 is divided by 18?
1
Calculate the remainder when 17805 is divided by 85.
40
Calculate the remainder when 20251 is divided by 253.
11
What is the remainder when 4226 is divided by 478?
402
Calculate the remainder when 197091 is divided by 40.
11
What is the remainder when 361988 is divided by 30?
8
What is the remainder when 1490323 is divided by 93?
91
Calculate the remainder when 138024 is divided by 71.
0
What is the remainder when 120643 is divided by 66?
61
What is the remainder when 209519 is divided by 26?
11
What is the remainder when 22697 is divided by 117?
116
Calculate the remainder when 69433 is divided by 247.
26
What is the remainder when 2367 is divided by 99?
90
What is the remainder when 671368 is divided by 32?
8
What is the remainder when 19208 is divided by 85?
83
Calculate the remainder when 46712 is divided by 23.
22
What is the remainder when 9415 is divided by 80?
55
What is the remainder when 105676 is divided by 1147?
152
Calculate the remainder when 32849 is divided by 225.
224
Calculate the remainder when 4445 is divided by 868.
105
Calculate the remainder when 49912 is divided by 10.
2
What is the remainder when 1058 is divided by 301?
155
What is the remainder when 49724 is divided by 64?
60
What is the remainder when 4407 is divided by 4386?
21
Calculate the remainder when 1332 is divided by 555.
222
Calculate the remainder when 3118 is divided by 1531.
56
What is the remainder when 8816 is divided by 252?
248
What is the remainder when 184731 is divided by 38?
13
What is the remainder when 7154 is divided by 382?
278
Calculate the remainder when 34122 is divided by 455.
452
Calculate the remainder when 15092 is divided by 3770.
12
Calculate the remainder when 106168 is divided by 129.
1
What is the remainder when 835 is divided by 378?
79
Calculate the remainder when 1260 is divided by 502.
256
What is the remainder when 1010 is divided by 189?
65
What is the remainder when 8853 is divided by 128?
21
Calculate the remainder when 3676 is divided by 313.
233
Calculate the remainder when 1422885 is divided by 355721.
1
Calculate the remainder when 73991 is divided by 185.
176
Calculate the remainder when 163439 is divided by 163435.
4
Calculate the remainder when 21204 is divided by 1458.
792
Calculate the remainder when 53555 is divided by 48.
35
Calculate the remainder when 106454 is divided by 507.
491
What is the remainder when 31664 is divided by 14?
10
Calculate the remainder when 22525 is divided by 22507.
18
Calculate the remainder when 2141 is divided by 92.
25
What is the remainder when 4832 is divided by 420?
212
Calculate the remainder when 113326 is divided by 3.
1
What is the remainder when 2303 is divided by 4?
3
Calculate the remainder when 11194 is divided by 5457.
280
What is the remainder when 13653 is divided by 30?
3
What is the remainder when 5298 is divided by 442?
436
Calculate the remainder when 7614 is divided by 332.
310
What is the remainder when 50056 is divided by 596?
588
What is the remainder when 3554 is divided by 93?
20
What is the remainder when 8496 is divided by 344?
240
What is the remainder when 6953 is divided by 113?
60
Calculate the remainder when 498477 is divided by 67.
64
Calculate the remainder when 8160 is divided by 676.
48
What is the remainder when 79497 is divided by 300?
297
Calculate the remainder when 302377 is divided by 516.
1
What is the remainder when 1823474 is divided by 158?
154
What is the remainder when 29036 is divided by 14515?
6
What is the remainder when 340661 is divided by 174?
143
What is the remainder when 52776 is divided by 112?
24
What is the remainder when 132304 is divided by 262?
256
What is the remainder when 10740 is divided by 3442?
414
Calculate the remainder when 17882 is divided by 813.
809
What is the remainder when 2557 is divided by 626?
53
Calculate the remainder when 26614 is divided by 2217.
10
Calculate the remainder when 1429 is divided by 193.
78
What is the remainder when 4295 is divided by 401?
285
What is the remainder when 11105 is divided by 2769?
29
Calculate the remainder when 5343 is divided by 504.
303
What is the remainder when 9734 is divided by 1838?
544
Calculate the remainder when 9861 is divided by 412.
385
What is the remainder when 400 is divided by 85?
60
What is the remainder when 239369 is divided by 366?
5
Calculate the remainder when 3954220 is divided by 19.
16
Calculate the remainder when 22123 is divided by 1566.
199
What is the remainder when 213795 is divided by 43?
42
What is the remainder when 2383 is divided by 39?
4
Calculate the remainder when 11207 is divided by 2778.
95
What is the remainder when 298 is divided by 52?
38
What is the remainder when 31477 is divided by 51?
10
Calculate the remainder when 322064 is divided by 15.
14
Calculate the remainder when 5353 is divided by 1440.
1033
Calculate the remainder when 237 is divided by 16.
13
Calculate the remainder when 2047057 is divided by 63.
61
What is the remainder when 60374 is divided by 45?
29
What is the remainder when 310990 is divided by 61?
12
Calculate the remainder when 1802956 is divided by 106056.
4
What is the remainder when 7151 is divided by 424?
367
Calculate the remainder when 38635 is divided by 70.
65
Calculate the remainder when 17210 is divided by 330.
50
What is the remainder when 4787 is divided by 495?
332
Calculate the remainder when 13204 is divided by 3301.
0
Calculate the remainder when 565 is divided by 556.
9
Calculate the remainder when 521157 is divided by 555.
12
Calculate the remainder when 74696 is divided by 368.
360
What is the remainder when 57087 is divided by 165?
162
Calculate the remainder when 461 is divided by 446.
15
What is the remainder when 2385 is divided by 2309?
76
What is the remainder when 758 is divided by 677?
81
What is the remainder when 39870 is divided by 97?
3
Calculate the remainder when 135860 is divided by 13.
10
What is the remainder when 1500719 is divided by 48?
47
What is the remainder when 40763 is divided by 129?
128
What is the remainder when 555786 is divided by 1985?
1971
What is the remainder when 5416 is divided by 126?
124
Calculate the remainder when 135758 is divided by 74.
42
What is the remainder when 13421 is divided by 273?
44
Calculate the remainder when 15898 is divided by 482.
474
What is the remainder when 1323 is divided by 20?
3
What is the remainder when 1019 is divided by 833?
186
Calculate the remainder when 12337 is divided by 160.
17
What is the remainder when 11684 is divided by 1947?
2
Calculate the remainder when 190145 is divided by 57.
50
What is the remainder when 110804 is divided by 36931?
11
What is the remainder when 86583 is divided by 248?
31
Calculate the remainder when 254698 is divided by 10.
8
What is the remainder when 2